{"id":49,"date":"2018-09-19T15:29:51","date_gmt":"2018-09-19T15:29:51","guid":{"rendered":"https:\/\/planb.ec\/moblier\/?post_type=product&#038;p=49"},"modified":"2017-02-20T22:08:56","modified_gmt":"2017-02-20T22:08:56","slug":"sessions-rooms-directories","status":"publish","type":"product","link":"https:\/\/moblier.com\/en\/product\/sessions-rooms-directories\/","title":{"rendered":"Sessions rooms and directories"},"content":{"rendered":"","protected":false},"excerpt":{"rendered":"<p>La creaci\u00f3n de espacios vers\u00e1tiles, funcionales y elegantes, hacer que una reuni\u00f3n de trabajo sea exitosa depende de un lugar acogedor y en el que pueda interactuar. Nuestra soluci\u00f3n le brinda el asesoramiento para cumplir con estos objetivos.<\/p>\n","protected":false},"featured_media":89,"comment_status":"closed","ping_status":"closed","template":"","meta":{"_acf_changed":false},"product_brand":[],"product_cat":[7],"product_tag":[],"class_list":{"0":"post-49","1":"product","2":"type-product","3":"status-publish","4":"has-post-thumbnail","6":"product_cat-office-chairs","8":"first","9":"instock","10":"taxable","11":"shipping-taxable","12":"product-type-simple"},"acf":[],"_links":{"self":[{"href":"https:\/\/moblier.com\/en\/wp-json\/wp\/v2\/product\/49","targetHints":{"allow":["GET"]}}],"collection":[{"href":"https:\/\/moblier.com\/en\/wp-json\/wp\/v2\/product"}],"about":[{"href":"https:\/\/moblier.com\/en\/wp-json\/wp\/v2\/types\/product"}],"replies":[{"embeddable":true,"href":"https:\/\/moblier.com\/en\/wp-json\/wp\/v2\/comments?post=49"}],"wp:featuredmedia":[{"embeddable":true,"href":"https:\/\/moblier.com\/en\/wp-json\/wp\/v2\/media\/89"}],"wp:attachment":[{"href":"https:\/\/moblier.com\/en\/wp-json\/wp\/v2\/media?parent=49"}],"wp:term":[{"taxonomy":"product_brand","embeddable":true,"href":"https:\/\/moblier.com\/en\/wp-json\/wp\/v2\/product_brand?post=49"},{"taxonomy":"product_cat","embeddable":true,"href":"https:\/\/moblier.com\/en\/wp-json\/wp\/v2\/product_cat?post=49"},{"taxonomy":"product_tag","embeddable":true,"href":"https:\/\/moblier.com\/en\/wp-json\/wp\/v2\/product_tag?post=49"}],"curies":[{"name":"wp","href":"https:\/\/api.w.org\/{rel}","templated":true}]}}

<p>La creación de espacios versátiles, funcionales y elegantes, hacer que una reunión de trabajo sea exitosa depende de un lugar acogedor y en el que pueda interactuar. Nuestra solución le brinda el asesoramiento para cumplir con estos objetivos.</p>
